{"id":33,"date":"2023-04-03T21:37:14","date_gmt":"2023-04-03T19:37:14","guid":{"rendered":"http:\/\/nadegequeuniet.fr\/?page_id=33"},"modified":"2023-04-20T12:20:39","modified_gmt":"2023-04-20T10:20:39","slug":"mes-projets","status":"publish","type":"page","link":"https:\/\/nadegequeuniet.fr\/index.php\/mes-projets\/","title":{"rendered":"Mes projets"},"content":{"rendered":"\n<p class=\"has-text-color\" style=\"color:#ceb48c\">Mon activit\u00e9 a toujours \u00e9t\u00e9 riche et vari\u00e9e. Ces derni\u00e8res ann\u00e9es j&rsquo;ai commenc\u00e9 \u00e0 limiter le nombre de projets que je menais de front, en voici donc quelques uns<\/p>\n\n\n\n<div style=\"height:100px\" aria-hidden=\"true\" class=\"wp-block-spacer\"><\/div>\n\n\n\n<div class=\"wp-block-columns is-layout-flex wp-container-core-columns-is-layout-9d6595d7 wp-block-columns-is-layout-flex\">\n<div class=\"wp-block-column is-layout-flow wp-block-column-is-layout-flow\">\n<figure class=\"wp-block-image size-large\"><img fetchpriority=\"high\" decoding=\"async\" width=\"1024\" height=\"683\" src=\"https:\/\/nadegequeuniet.fr\/wp-content\/uploads\/2023\/04\/JMS_5037-1024x683.jpg\" alt=\"\" class=\"wp-image-34\" srcset=\"https:\/\/nadegequeuniet.fr\/wp-content\/uploads\/2023\/04\/JMS_5037-1024x683.jpg 1024w, https:\/\/nadegequeuniet.fr\/wp-content\/uploads\/2023\/04\/JMS_5037-300x200.jpg 300w, https:\/\/nadegequeuniet.fr\/wp-content\/uploads\/2023\/04\/JMS_5037-768x512.jpg 768w, https:\/\/nadegequeuniet.fr\/wp-content\/uploads\/2023\/04\/JMS_5037-1536x1024.jpg 1536w, https:\/\/nadegequeuniet.fr\/wp-content\/uploads\/2023\/04\/JMS_5037-2048x1365.jpg 2048w\" sizes=\"(max-width: 706px) 89vw, (max-width: 767px) 82vw, 740px\" \/><figcaption class=\"wp-element-caption\">photo Jean Marc Surand<\/figcaption><\/figure>\n<\/div>\n\n\n\n<div class=\"wp-block-column is-layout-flow wp-block-column-is-layout-flow\">\n<div class=\"wp-block-group\"><div class=\"wp-block-group__inner-container is-layout-constrained wp-block-group-is-layout-constrained\">\n<p class=\"has-text-align-center has-text-color\" style=\"color:#ceb48c\">MANIGALE<\/p>\n\n\n\n<p class=\"has-text-align-center has-text-color\" style=\"color:#ceb48c\">Depuis 2014 c&rsquo;est une grande aventure, nous parcourons les routes, parfois \u00e0 bord de notre caravane-sc\u00e8ne \u00ab\u00a0la Valseuse\u00a0\u00bb.<\/p>\n\n\n\n<p class=\"has-text-align-center has-text-color\" style=\"color:#ceb48c\">Vous pouvez retrouver toutes les informations sur Manigale <a href=\"https:\/\/airssauvages.org\/index.php\/manigale\/\">ici<\/a><\/p>\n<\/div><\/div>\n<\/div>\n<\/div>\n\n\n\n<div class=\"wp-block-columns is-layout-flex wp-container-core-columns-is-layout-9d6595d7 wp-block-columns-is-layout-flex\">\n<div class=\"wp-block-column is-layout-flow wp-block-column-is-layout-flow\">\n<figure class=\"wp-block-image size-large\"><img decoding=\"async\" width=\"1024\" height=\"678\" src=\"https:\/\/nadegequeuniet.fr\/wp-content\/uploads\/2023\/04\/DSC_0163-1024x678.jpg\" alt=\"\" class=\"wp-image-38\" srcset=\"https:\/\/nadegequeuniet.fr\/wp-content\/uploads\/2023\/04\/DSC_0163-1024x678.jpg 1024w, https:\/\/nadegequeuniet.fr\/wp-content\/uploads\/2023\/04\/DSC_0163-300x199.jpg 300w, https:\/\/nadegequeuniet.fr\/wp-content\/uploads\/2023\/04\/DSC_0163-768x509.jpg 768w, https:\/\/nadegequeuniet.fr\/wp-content\/uploads\/2023\/04\/DSC_0163-1536x1017.jpg 1536w, https:\/\/nadegequeuniet.fr\/wp-content\/uploads\/2023\/04\/DSC_0163-2048x1356.jpg 2048w\" sizes=\"(max-width: 706px) 89vw, (max-width: 767px) 82vw, 740px\" \/><figcaption class=\"wp-element-caption\">Photo Rivo Ralison<\/figcaption><\/figure>\n<\/div>\n\n\n\n<div class=\"wp-block-column is-layout-flow wp-block-column-is-layout-flow\">\n<p class=\"has-text-align-center has-text-color\" style=\"color:#ceb48c\">JEUNE PUBLIC<\/p>\n\n\n\n<p class=\"has-text-align-center has-text-color\" style=\"color:#ceb48c\">En 2020, avec mon comparse Rivo Ralison, nous avons mont\u00e9 le spectacle Rrron Piche. Un spectacle en 9 langues, qui questionne la relation \u00e0 l&rsquo;autre.<\/p>\n\n\n\n<p class=\"has-text-align-center has-text-color\" style=\"color:#ceb48c\">Toutes les informations sont <a href=\"https:\/\/airssauvages.org\/index.php\/rrronpiche\/\" target=\"_blank\" rel=\"noreferrer noopener\">ici<\/a><\/p>\n<\/div>\n<\/div>\n\n\n\n<div class=\"wp-block-columns is-layout-flex wp-container-core-columns-is-layout-9d6595d7 wp-block-columns-is-layout-flex\">\n<div class=\"wp-block-column is-layout-flow wp-block-column-is-layout-flow\">\n<figure class=\"wp-block-image size-large\"><img decoding=\"async\" width=\"1024\" height=\"1024\" src=\"https:\/\/nadegequeuniet.fr\/wp-content\/uploads\/2023\/04\/CASfondnoire-1024x1024.jpg\" alt=\"\" class=\"wp-image-39\" srcset=\"https:\/\/nadegequeuniet.fr\/wp-content\/uploads\/2023\/04\/CASfondnoire-1024x1024.jpg 1024w, https:\/\/nadegequeuniet.fr\/wp-content\/uploads\/2023\/04\/CASfondnoire-300x300.jpg 300w, https:\/\/nadegequeuniet.fr\/wp-content\/uploads\/2023\/04\/CASfondnoire-150x150.jpg 150w, https:\/\/nadegequeuniet.fr\/wp-content\/uploads\/2023\/04\/CASfondnoire-768x768.jpg 768w, https:\/\/nadegequeuniet.fr\/wp-content\/uploads\/2023\/04\/CASfondnoire-1536x1536.jpg 1536w, https:\/\/nadegequeuniet.fr\/wp-content\/uploads\/2023\/04\/CASfondnoire.jpg 1800w\" sizes=\"(max-width: 706px) 89vw, (max-width: 767px) 82vw, 740px\" \/><\/figure>\n<\/div>\n\n\n\n<div class=\"wp-block-column has-text-color is-layout-flow wp-block-column-is-layout-flow\" style=\"color:#ceb48c\">\n<p class=\"has-text-align-center has-text-color\" style=\"color:#ceb48c\">COMPAGNIE DES AIRS SAUVAGES<\/p>\n\n\n\n<p class=\"has-text-align-center has-text-color\" style=\"color:#ceb48c\">Pour porter Manigale, Rrron Piche et bien d&rsquo;autres actions, nous avons d\u00e9cid\u00e9 en 2019 de monter une association, la Compagnie des Airs Sauvages. Depuis 2022 nous avons un tr\u00e8s beau site internet, je vous laisse le visiter <a href=\"https:\/\/airssauvages.org\" target=\"_blank\" rel=\"noreferrer noopener\">ici<\/a><\/p>\n<\/div>\n<\/div>\n\n\n\n<div class=\"wp-block-columns is-layout-flex wp-container-core-columns-is-layout-9d6595d7 wp-block-columns-is-layout-flex\">\n<div class=\"wp-block-column is-layout-flow wp-block-column-is-layout-flow\">\n<figure class=\"wp-block-image size-full\"><img loading=\"lazy\" decoding=\"async\" width=\"500\" height=\"445\" src=\"https:\/\/nadegequeuniet.fr\/wp-content\/uploads\/2023\/04\/couverture_cd_joli_gris_jaune-bd242.jpg\" alt=\"\" class=\"wp-image-41\" srcset=\"https:\/\/nadegequeuniet.fr\/wp-content\/uploads\/2023\/04\/couverture_cd_joli_gris_jaune-bd242.jpg 500w, https:\/\/nadegequeuniet.fr\/wp-content\/uploads\/2023\/04\/couverture_cd_joli_gris_jaune-bd242-300x267.jpg 300w\" sizes=\"(max-width: 500px) 100vw, 500px\" \/><\/figure>\n<\/div>\n\n\n\n<div class=\"wp-block-column is-layout-flow wp-block-column-is-layout-flow\">\n<p class=\"has-text-align-center has-text-color\" style=\"color:#ceb48c\">JOLI GRIS JAUNE<\/p>\n\n\n\n<p class=\"has-text-align-center has-text-color\" style=\"color:#ceb48c\">Dans la lign\u00e9e de ma collaboration tr\u00e8s proche avec La Loure, j&rsquo;ai \u00e9t\u00e9 invit\u00e9e \u00e0 participer \u00e0 ce beau projet de chansons du cousinage.<\/p>\n\n\n\n<p class=\"has-text-align-center has-text-color\" style=\"color:#ceb48c\">Encore une fois je n&rsquo;en dis pas plus, allez donc visiter le site de La Loure en suivant <a href=\"https:\/\/www.laloure.org\/spip.php?article753\" target=\"_blank\" rel=\"noreferrer noopener\">ce chemin<\/a><\/p>\n<\/div>\n<\/div>\n\n\n\n<div class=\"wp-block-columns is-layout-flex wp-container-core-columns-is-layout-9d6595d7 wp-block-columns-is-layout-flex\">\n<div class=\"wp-block-column is-layout-flow wp-block-column-is-layout-flow\">\n<figure class=\"wp-block-image size-large\"><img loading=\"lazy\" decoding=\"async\" width=\"1024\" height=\"683\" src=\"https:\/\/nadegequeuniet.fr\/wp-content\/uploads\/2023\/04\/2C7A7253_DxOA-1-1024x683.jpg\" alt=\"\" class=\"wp-image-43\" srcset=\"https:\/\/nadegequeuniet.fr\/wp-content\/uploads\/2023\/04\/2C7A7253_DxOA-1-1024x683.jpg 1024w, https:\/\/nadegequeuniet.fr\/wp-content\/uploads\/2023\/04\/2C7A7253_DxOA-1-300x200.jpg 300w, https:\/\/nadegequeuniet.fr\/wp-content\/uploads\/2023\/04\/2C7A7253_DxOA-1-768x512.jpg 768w, https:\/\/nadegequeuniet.fr\/wp-content\/uploads\/2023\/04\/2C7A7253_DxOA-1-1536x1024.jpg 1536w, https:\/\/nadegequeuniet.fr\/wp-content\/uploads\/2023\/04\/2C7A7253_DxOA-1-2048x1365.jpg 2048w\" sizes=\"(max-width: 706px) 89vw, (max-width: 767px) 82vw, 740px\" \/><\/figure>\n<\/div>\n\n\n\n<div class=\"wp-block-column is-layout-flow wp-block-column-is-layout-flow\">\n<p class=\"has-text-align-center has-text-color\" style=\"color:#ceb48c\">CONTES<\/p>\n\n\n\n<p class=\"has-text-align-center has-text-color\" style=\"color:#ceb48c\">Je travaille depuis 2005 avec la merveilleuse conteuse Marie Lemoine. Nous avons de nombreux spectacles ensemble, pour le jeune public avec Le loup, pas peur&#8230; ou le public de tout \u00e2ge avec Mon village se raconte. Et bien d&rsquo;autres encore. Vous trouverez tout <a href=\"https:\/\/www.magnanarelle.org\" target=\"_blank\" rel=\"noreferrer noopener\">ici<\/a><\/p>\n<\/div>\n<\/div>\n","protected":false},"excerpt":{"rendered":"<p>Mon activit\u00e9 a toujours \u00e9t\u00e9 riche et vari\u00e9e. Ces derni\u00e8res ann\u00e9es j&rsquo;ai commenc\u00e9 \u00e0 limiter le nombre de projets que je menais de front, en voici donc quelques uns MANIGALE Depuis 2014 c&rsquo;est une grande aventure, nous parcourons les routes, parfois \u00e0 bord de notre caravane-sc\u00e8ne \u00ab\u00a0la Valseuse\u00a0\u00bb. Vous pouvez retrouver toutes les informations sur &hellip; <\/p>\n<p class=\"link-more\"><a href=\"https:\/\/nadegequeuniet.fr\/index.php\/mes-projets\/\" class=\"more-link\">Continuer la lecture<span class=\"screen-reader-text\"> de &laquo;&nbsp;Mes projets&nbsp;&raquo;<\/span><\/a><\/p>\n","protected":false},"author":1,"featured_media":0,"parent":0,"menu_order":0,"comment_status":"closed","ping_status":"closed","template":"","meta":{"footnotes":""},"class_list":["post-33","page","type-page","status-publish","hentry"],"yoast_head":"<!-- This site is optimized with the Yoast SEO plugin v24.0 - https:\/\/yoast.com\/wordpress\/plugins\/seo\/ -->\n<title>Mes projets - Nad\u00e8ge Queuniet<\/title>\n<meta name=\"robots\" content=\"index, follow, max-snippet:-1, max-image-preview:large, max-video-preview:-1\" \/>\n<link rel=\"canonical\" href=\"https:\/\/nadegequeuniet.fr\/index.php\/mes-projets\/\" \/>\n<meta property=\"og:locale\" content=\"fr_FR\" \/>\n<meta property=\"og:type\" content=\"article\" \/>\n<meta property=\"og:title\" content=\"Mes projets - Nad\u00e8ge Queuniet\" \/>\n<meta property=\"og:description\" content=\"Mon activit\u00e9 a toujours \u00e9t\u00e9 riche et vari\u00e9e. Ces derni\u00e8res ann\u00e9es j&rsquo;ai commenc\u00e9 \u00e0 limiter le nombre de projets que je menais de front, en voici donc quelques uns MANIGALE Depuis 2014 c&rsquo;est une grande aventure, nous parcourons les routes, parfois \u00e0 bord de notre caravane-sc\u00e8ne \u00ab\u00a0la Valseuse\u00a0\u00bb. Vous pouvez retrouver toutes les informations sur &hellip; Continuer la lecture de &laquo;&nbsp;Mes projets&nbsp;&raquo;\" \/>\n<meta property=\"og:url\" content=\"https:\/\/nadegequeuniet.fr\/index.php\/mes-projets\/\" \/>\n<meta property=\"og:site_name\" content=\"Nad\u00e8ge Queuniet\" \/>\n<meta property=\"article:modified_time\" content=\"2023-04-20T10:20:39+00:00\" \/>\n<meta property=\"og:image\" content=\"http:\/\/nadegequeuniet.fr\/wp-content\/uploads\/2023\/04\/JMS_5037-1024x683.jpg\" \/>\n<meta name=\"twitter:card\" content=\"summary_large_image\" \/>\n<meta name=\"twitter:label1\" content=\"Dur\u00e9e de lecture estim\u00e9e\" \/>\n\t<meta name=\"twitter:data1\" content=\"3 minutes\" \/>\n<script type=\"application\/ld+json\" class=\"yoast-schema-graph\">{\"@context\":\"https:\/\/schema.org\",\"@graph\":[{\"@type\":\"WebPage\",\"@id\":\"https:\/\/nadegequeuniet.fr\/index.php\/mes-projets\/\",\"url\":\"https:\/\/nadegequeuniet.fr\/index.php\/mes-projets\/\",\"name\":\"Mes projets - Nad\u00e8ge Queuniet\",\"isPartOf\":{\"@id\":\"https:\/\/nadegequeuniet.fr\/#website\"},\"primaryImageOfPage\":{\"@id\":\"https:\/\/nadegequeuniet.fr\/index.php\/mes-projets\/#primaryimage\"},\"image\":{\"@id\":\"https:\/\/nadegequeuniet.fr\/index.php\/mes-projets\/#primaryimage\"},\"thumbnailUrl\":\"http:\/\/nadegequeuniet.fr\/wp-content\/uploads\/2023\/04\/JMS_5037-1024x683.jpg\",\"datePublished\":\"2023-04-03T19:37:14+00:00\",\"dateModified\":\"2023-04-20T10:20:39+00:00\",\"breadcrumb\":{\"@id\":\"https:\/\/nadegequeuniet.fr\/index.php\/mes-projets\/#breadcrumb\"},\"inLanguage\":\"fr-FR\",\"potentialAction\":[{\"@type\":\"ReadAction\",\"target\":[\"https:\/\/nadegequeuniet.fr\/index.php\/mes-projets\/\"]}]},{\"@type\":\"ImageObject\",\"inLanguage\":\"fr-FR\",\"@id\":\"https:\/\/nadegequeuniet.fr\/index.php\/mes-projets\/#primaryimage\",\"url\":\"http:\/\/nadegequeuniet.fr\/wp-content\/uploads\/2023\/04\/JMS_5037-1024x683.jpg\",\"contentUrl\":\"http:\/\/nadegequeuniet.fr\/wp-content\/uploads\/2023\/04\/JMS_5037-1024x683.jpg\"},{\"@type\":\"BreadcrumbList\",\"@id\":\"https:\/\/nadegequeuniet.fr\/index.php\/mes-projets\/#breadcrumb\",\"itemListElement\":[{\"@type\":\"ListItem\",\"position\":1,\"name\":\"Accueil\",\"item\":\"https:\/\/nadegequeuniet.fr\/\"},{\"@type\":\"ListItem\",\"position\":2,\"name\":\"Mes projets\"}]},{\"@type\":\"WebSite\",\"@id\":\"https:\/\/nadegequeuniet.fr\/#website\",\"url\":\"https:\/\/nadegequeuniet.fr\/\",\"name\":\"Nad\u00e8ge Queuniet\",\"description\":\"accord\u00e9on et partage\",\"potentialAction\":[{\"@type\":\"SearchAction\",\"target\":{\"@type\":\"EntryPoint\",\"urlTemplate\":\"https:\/\/nadegequeuniet.fr\/?s={search_term_string}\"},\"query-input\":{\"@type\":\"PropertyValueSpecification\",\"valueRequired\":true,\"valueName\":\"search_term_string\"}}],\"inLanguage\":\"fr-FR\"}]}<\/script>\n<!-- \/ Yoast SEO plugin. -->","yoast_head_json":{"title":"Mes projets - Nad\u00e8ge Queuniet","robots":{"index":"index","follow":"follow","max-snippet":"max-snippet:-1","max-image-preview":"max-image-preview:large","max-video-preview":"max-video-preview:-1"},"canonical":"https:\/\/nadegequeuniet.fr\/index.php\/mes-projets\/","og_locale":"fr_FR","og_type":"article","og_title":"Mes projets - Nad\u00e8ge Queuniet","og_description":"Mon activit\u00e9 a toujours \u00e9t\u00e9 riche et vari\u00e9e. Ces derni\u00e8res ann\u00e9es j&rsquo;ai commenc\u00e9 \u00e0 limiter le nombre de projets que je menais de front, en voici donc quelques uns MANIGALE Depuis 2014 c&rsquo;est une grande aventure, nous parcourons les routes, parfois \u00e0 bord de notre caravane-sc\u00e8ne \u00ab\u00a0la Valseuse\u00a0\u00bb. Vous pouvez retrouver toutes les informations sur &hellip; Continuer la lecture de &laquo;&nbsp;Mes projets&nbsp;&raquo;","og_url":"https:\/\/nadegequeuniet.fr\/index.php\/mes-projets\/","og_site_name":"Nad\u00e8ge Queuniet","article_modified_time":"2023-04-20T10:20:39+00:00","og_image":[{"url":"http:\/\/nadegequeuniet.fr\/wp-content\/uploads\/2023\/04\/JMS_5037-1024x683.jpg","type":"","width":"","height":""}],"twitter_card":"summary_large_image","twitter_misc":{"Dur\u00e9e de lecture estim\u00e9e":"3 minutes"},"schema":{"@context":"https:\/\/schema.org","@graph":[{"@type":"WebPage","@id":"https:\/\/nadegequeuniet.fr\/index.php\/mes-projets\/","url":"https:\/\/nadegequeuniet.fr\/index.php\/mes-projets\/","name":"Mes projets - Nad\u00e8ge Queuniet","isPartOf":{"@id":"https:\/\/nadegequeuniet.fr\/#website"},"primaryImageOfPage":{"@id":"https:\/\/nadegequeuniet.fr\/index.php\/mes-projets\/#primaryimage"},"image":{"@id":"https:\/\/nadegequeuniet.fr\/index.php\/mes-projets\/#primaryimage"},"thumbnailUrl":"http:\/\/nadegequeuniet.fr\/wp-content\/uploads\/2023\/04\/JMS_5037-1024x683.jpg","datePublished":"2023-04-03T19:37:14+00:00","dateModified":"2023-04-20T10:20:39+00:00","breadcrumb":{"@id":"https:\/\/nadegequeuniet.fr\/index.php\/mes-projets\/#breadcrumb"},"inLanguage":"fr-FR","potentialAction":[{"@type":"ReadAction","target":["https:\/\/nadegequeuniet.fr\/index.php\/mes-projets\/"]}]},{"@type":"ImageObject","inLanguage":"fr-FR","@id":"https:\/\/nadegequeuniet.fr\/index.php\/mes-projets\/#primaryimage","url":"http:\/\/nadegequeuniet.fr\/wp-content\/uploads\/2023\/04\/JMS_5037-1024x683.jpg","contentUrl":"http:\/\/nadegequeuniet.fr\/wp-content\/uploads\/2023\/04\/JMS_5037-1024x683.jpg"},{"@type":"BreadcrumbList","@id":"https:\/\/nadegequeuniet.fr\/index.php\/mes-projets\/#breadcrumb","itemListElement":[{"@type":"ListItem","position":1,"name":"Accueil","item":"https:\/\/nadegequeuniet.fr\/"},{"@type":"ListItem","position":2,"name":"Mes projets"}]},{"@type":"WebSite","@id":"https:\/\/nadegequeuniet.fr\/#website","url":"https:\/\/nadegequeuniet.fr\/","name":"Nad\u00e8ge Queuniet","description":"accord\u00e9on et partage","potentialAction":[{"@type":"SearchAction","target":{"@type":"EntryPoint","urlTemplate":"https:\/\/nadegequeuniet.fr\/?s={search_term_string}"},"query-input":{"@type":"PropertyValueSpecification","valueRequired":true,"valueName":"search_term_string"}}],"inLanguage":"fr-FR"}]}},"_links":{"self":[{"href":"https:\/\/nadegequeuniet.fr\/index.php\/wp-json\/wp\/v2\/pages\/33","targetHints":{"allow":["GET"]}}],"collection":[{"href":"https:\/\/nadegequeuniet.fr\/index.php\/wp-json\/wp\/v2\/pages"}],"about":[{"href":"https:\/\/nadegequeuniet.fr\/index.php\/wp-json\/wp\/v2\/types\/page"}],"author":[{"embeddable":true,"href":"https:\/\/nadegequeuniet.fr\/index.php\/wp-json\/wp\/v2\/users\/1"}],"replies":[{"embeddable":true,"href":"https:\/\/nadegequeuniet.fr\/index.php\/wp-json\/wp\/v2\/comments?post=33"}],"version-history":[{"count":2,"href":"https:\/\/nadegequeuniet.fr\/index.php\/wp-json\/wp\/v2\/pages\/33\/revisions"}],"predecessor-version":[{"id":462,"href":"https:\/\/nadegequeuniet.fr\/index.php\/wp-json\/wp\/v2\/pages\/33\/revisions\/462"}],"wp:attachment":[{"href":"https:\/\/nadegequeuniet.fr\/index.php\/wp-json\/wp\/v2\/media?parent=33"}],"curies":[{"name":"wp","href":"https:\/\/api.w.org\/{rel}","templated":true}]}}